
3031010
In base 4, what is -1010102103020 + 0?
-1010102103020
In base 15, what is -e135 + 69?
-e0bb
In base 16, what is 646f - 265?
620a
In base 2, what is 111110 - -111001001101010101100?
111001001101011101010
In base 4, what is -11200130120 - 0?
-11200130120
In base 4, what is -1113 + 23313233223?
23313232110
In base 11, what is 4 - a307028?
-a307024
In base 8, what is 2163004 + -447?
2162335
In base 15, what is 2b478 + 191?
2b619
In base 16, what is b + -35cdff?
-35cdf4
In base 16, what is -6c5c1 + 47?
-6c57a
In base 6, what is -1222 - 13331311?
-13332533
In base 9, what is -12 + -3066055?
-3066067
In base 5, what is -3041 + 220020?
211424
In base 2, what is -101101011000101100010 + -11?
-101101011000101100101
In base 5, what is 242442220002 - 10?
242442214442
In base 5, what is -3033111 + 22102?
-3011004
In base 15, what is 63b + 44ee9?
45635
In base 14, what is -da - -78b0?
77b4
In base 2, what is 1000010 + 11011111000000100?
11011111001000110
In base 16, what is -54c37e - 6?
-54c384
In base 4, what is 111120321 - 1100321?
110020000
In base 10, what is -62 - 11284?
-11346
In base 14, what is 52431 + 91?
524c2
In base 5, what is 10 + 130314033310?
130314033320
In base 3, what is -1211110120100 - -12012?
-1211110101011
In base 2, what is 110010101010101110 + 11?
110010101010110001
In base 16, what is 1 - -2532502?
2532503
In base 9, what is 27236 + -3754?
23372
In base 3, what is 22100120 + -1002010?
21021110
In base 16, what is -3 + 257fb?
257f8
In base 16, what is -54911 - -64?
-548ad
In base 16, what is -127 - -ed9?
db2
In base 3, what is -12 + 10222220020201211?
10222220020201122
In base 3, what is -101211 - -20021?
-11120
In base 15, what is -e2c + 3675?
2748
In base 14, what is -85 + 70199?
70114
In base 3, what is -122101022 + 1212111?
-120111211
In base 16, what is 1d97feb + 1?
1d97fec
In base 15, what is -183d - -d33?
-a0a
In base 4, what is 101030031102303 + -1?
101030031102302
In base 6, what is -4321 + -3142531?
-3151252
In base 10, what is -138425 - -406?
-138019
In base 5, what is 2 - 11141420114?
-11141420112
In base 5, what is -22123 + -330220?
-402343
In base 7, what is -4635021 - 521?
-4635542
In base 16, what is -4bf - 84c?
-d0b
In base 10, what is 215394308 - 4?
215394304
In base 6, what is -20 - 33403443?
-33403503
In base 10, what is 7 - -108901449?
108901456
In base 7, what is -104 + 3436301?
3436164
In base 11, what is -5357 + 882?
-4585
In base 7, what is 2 - 23026243?
-23026241
In base 2, what is 100000000000011010110 + -110?
100000000000011010000
In base 8, what is -644 - -11555000?
11554134
In base 2, what is -100000111000 + -101111111010101?
-110100000001101
In base 10, what is 7548 - -9129?
16677
In base 6, what is 104340402420 - -3?
104340402423
In base 4, what is 21221331 - 330301?
20231030
In base 12, what is -59281 - -69?
-59214
In base 15, what is 39abc - -d1?
39b9d
In base 12, what is -143765b + -2b?
-143768a
In base 3, what is -2010211101010 + -2001?
-2010211110011
In base 6, what is 111 + 23040?
23151
In base 14, what is 6c35b - -d1?
6c44c
In base 9, what is 118 - 1452?
-1333
In base 6, what is -13 - 2055005104?
-2055005121
In base 13, what is -4 - -110395b?
1103957
In base 6, what is -15510424 - -402?
-15510022
In base 13, what is 236 - -2b06?
303c
In base 8, what is -1341123 - -3266?
-1335635
In base 14, what is 29b + 12a07?
12ca4
In base 12, what is 1465 - -42779?
44022
In base 6, what is 4153223 + 3?
4153230
In base 7, what is 2465513 + 54?
2465600
In base 7, what is 6235446115 + 3?
6235446121
In base 7, what is -362 + -426034?
-426426
In base 8, what is 20 + 277336?
277356
In base 12, what is -1 + -5083427?
-5083428
In base 12, what is 1b12948b + 3?
1b129492
In base 2, what is 1011101000 - -101111011101011101?
101111101001000101
In base 3, what is -202220212101102 - -11?
-202220212101021
In base 9, what is -4340 - 1513?
-5853
In base 13, what is -1472 - 651?
-1ac3
In base 11, what is 12728755 - -1?
12728756
In base 6, what is -42403 + -333344?
-420151
In base 11, what is -19a92 - -7299?
-127a4
In base 12, what is 157 - 735a1?
-73446
In base 3, what is -10 + -21122201212120000?
-21122201212120010
In base 11, what is 140a6451 + -1?
140a6450
In base 6, what is 3455103 - -4433?
3503540
In base 10, what is 405311 + -58?
405253
In base 10, what is -176 - -361706?
361530
In base 2, what is 101110010001110011001 - -11100001?
101110010010001111010
In base 9, what is -46 + 7557663?
7557616
In base 14, what is 1a3 + 2b118?
2b2bb
In base 8, what is 5 - 7712766?
-7712761
In base 6, what is 5431332214 - -14?
5431332232
In base 8, what is 3003 + -56276?
-53273
In base 10, what is -97604 - 17?
-97621
In base 13, what is 4 - -4b29310?
4b29314
In base 5, what is 4204102332 - 11?
4204102321
In base 4, what is -2130 - -1121333?
1113203
In base 14, what is -340398 + -1?
-340399
In base 10, what is -679 + -25690?
-26369
In base 11, what is 367 - -10a796?
110052
In base 9, what is -367550 - 56?
-367616
In base 4, what is 12233102031 + -2?
12233102023
In base 11, what is -5762 + 39a1?
-1871
In base 4, what is 1222102331203 + -10?
1222102331133
In base 14, what is 836 + -1a0c?
-11b6
In base 7, what is 2210 - -465063?
500303
In base 16, what is -2c744 + 2c?
-2c718
In base 3, what is -201222221211 + -101201?
-202000100112
In base 8, what is -10112163 + 2?
-10112161
In base 10, what is -15 + 259360?
259345
In base 13, what is 1c82 + 167cb?
18780
In base 4, what is -111 + -12232200110?
-12232200221
In base 4, what is -212000 + -1021210?
-1233210
In base 9, what is 5 + 6051700?
6051705
In base 12, what is 782 - -198a8?
1a46a
In base 9, what is 5076 - -313363?
318450
In base 3, what is 21100221 + 100020010?
121121001
In base 3, what is -1 + -122111112210?
-122111112211
In base 8, what is -3553 + 2472?
-1061
In base 5, what is 10 - -1142430400?
1142430410
In base 7, what is 3644 - 42016?
-35042
In base 2, what is 1001101010010 + 101001110?
1010010100000
In base 5, what is -14314233231 - -12?
-14314233214
In base 3, what is 220 - -220020211010?
220020212000
In base 11, what is -17 - -495a20?
495a04
In base 13, what is 22 + -b6b92c?
-b6b90a
In base 13, what is -1ba149 - 19?
-1ba165
In base 9, what is 8640 + -4101?
4538
In base 11, what is -5 + 259155?
259150
In base 12, what is a + -23b7115a?
-23b71150
In base 14, what is 2b64b - c9c?
2a78d
In base 16, what is 4d70 + -1fb?
4b75
In base 5, what is -132233001 + -23?
-132233024
In base 16, what is 9f - -75cb?
766a
In base 11, what is -30 + 6a86aa?
6a867a
In base 7, what is 33316252 + 4?
33316256
In base 6, what is 1410 + 4150232?
4152042
In base 16, what is 24 + 2919a?
291be
In base 3, what is 2210200 + -20112122?
-10201222
In base 16, what is 1e + 19650?
1966e
In base 5, what is 231422 - -31203?
313130
In base 5, what is 3232114 + 34243?
3321412
In base 3, what is 0 + -200022020022221120?
-200022020022221120
In base 11, what is 7 + 14872a?
148736
In base 5, what is 33444 - 2313442?
-2224443
In base 11, what is aa4a7 + 0?
aa4a7
In base 13, what is -a4ab81 - 5?
-a4ab86
In base 10, what is -499301 - -771?
-498530
In base 11, what is 2420 - a031?
-7711
In base 5, what is -1102 - -424224142?
424223040
In base 10, what is -99937770 + -4?
-99937774
In base 3, what is -211102002202 + -112?
-211102010021
In base 11, what is -139 + -9245?
-9383
In base 10, what is -696 - -58897?
58201
In base 13, what is 4 - b92910?
-b92909
In base 2, what is 10100 - 11110110010110011100?
-11110110010110001000
In base 12, what is -2 - 332922?
-332924
In base 14, what is -579 - -3d57?
37bc
In base 3, what is 0 + 100210110022012?
100210110022012
In base 10, what is 854 + 690545?
691399
In base 5, what is 3 - 3040124334?
-3040124331
In base 9, what is 1 - -6854656?
6854657
In base 6, what is 303 - 234312?
-234005
In base 7, what is -356205234 + 1?
-356205233
In base 13, what is ac8a - 538?
a752
In base 9, what is -5577473717 + -4?
-5577473722
In base 4, what is 10032012 - -2033?
10100111
In base 15, what is -5 - -b2785a?
b27855
In base 11, what is 142 - 36007?
-35975
In base 6, what is -5235 - -1552003?
1542324
In base 10, what is -1294195 + 0?
-1294195
In base 11, what is 2a46789 - -a?
2a46798
In base 3, what is 20012101 + 221?
20020022
In base 7, what is 543102631 + 0?
543102631
In base 14, what is -11 - 